{"id":218,"date":"2025-02-20T14:12:48","date_gmt":"2025-02-20T13:12:48","guid":{"rendered":"https:\/\/barrere.com\/?page_id=218"},"modified":"2025-02-20T14:19:22","modified_gmt":"2025-02-20T13:19:22","slug":"mentions-legales","status":"publish","type":"page","link":"https:\/\/barrere.com\/index.php\/mentions-legales\/","title":{"rendered":"Mentions l\u00e9gales"},"content":{"rendered":"\n<h3 class=\"wp-block-heading\">1. \u00c9DITEUR DU SITE<\/h3>\n\n\n\n<p>Nom de l\u2019entreprise\/du responsable l\u00e9gal :&nbsp;<strong>S\u00e9bastien Barr\u00e8re<\/strong><br>Adresse du si\u00e8ge social :&nbsp;<strong>2 Rue Maubec, 81500 Giroussens, France<\/strong><br>Forme juridique :&nbsp;<strong>Entrepreneur individuel<\/strong><br>Activit\u00e9s :&nbsp;<strong>92.3A &#8211; Activit\u00e9s artistiques ; 23.41Z &#8211; Fabrication d\u2019articles c\u00e9ramiques \u00e0 usage domestique ou ornemental<\/strong><br>Num\u00e9ro SIRET :&nbsp;<a href=\"http:\/\/www.insee.fr\"><strong>453 149 643 00042<\/strong><\/a><br>Adresse e-mail :&nbsp;<a><strong>seb@barrere.com<\/strong><\/a><br>Directeur de la publication :&nbsp;<strong>S\u00e9bastien Barr\u00e8re<\/strong><br>\u00c9tablissement actif depuis le&nbsp;<strong>01\/04\/2021<\/strong><\/p>\n\n\n\n<h3 class=\"wp-block-heading\">2. H\u00c9BERGEUR<\/h3>\n\n\n\n<p>Nom de l\u2019h\u00e9bergeur :&nbsp;<strong>OVH<\/strong><br>Adresse :&nbsp;<strong>OVH SAS, filiale de OVH Groupe SA, immatricul\u00e9e au RCS de Lille sous le num\u00e9ro 537 407 926, 2 rue Kellermann, 59100 Roubaix, France<\/strong><br>Site web :&nbsp;<a href=\"https:\/\/www.ovh.com\/\">www.ovh.com<\/a><\/p>\n\n\n\n<h3 class=\"wp-block-heading\">3. PROPRI\u00c9T\u00c9 INTELLECTUELLE<\/h3>\n\n\n\n<p>Le site et son contenu (textes, images, vid\u00e9os, etc.) sont la propri\u00e9t\u00e9 exclusive de&nbsp;<strong>S\u00e9bastien Barr\u00e8re<\/strong>. Toute reproduction, repr\u00e9sentation, modification, publication, adaptation de tout ou partie des \u00e9l\u00e9ments du site, quel que soit le moyen ou le proc\u00e9d\u00e9 utilis\u00e9, est interdite, sauf autorisation \u00e9crite pr\u00e9alable de&nbsp;<strong>S\u00e9bastien Barr\u00e8re<\/strong>. Toute exploitation non autoris\u00e9e du site ou de l\u2019un des \u00e9l\u00e9ments qu\u2019il contient pourra faire l\u2019objet de poursuites.<\/p>\n\n\n\n<h3 class=\"wp-block-heading\">4. DONN\u00c9ES PERSONNELLES<\/h3>\n\n\n\n<p>Conform\u00e9ment au&nbsp;<strong>R\u00e8glement G\u00e9n\u00e9ral sur la Protection des Donn\u00e9es (RGPD)<\/strong>&nbsp;et \u00e0 la&nbsp;<strong>Loi Informatique et Libert\u00e9s<\/strong>, les donn\u00e9es personnelles collect\u00e9es sur ce site sont trait\u00e9es de mani\u00e8re confidentielle.<\/p>\n\n\n\n<h4 class=\"wp-block-heading\">Collecte des donn\u00e9es personnelles<\/h4>\n\n\n\n<p>Les donn\u00e9es collect\u00e9es (nom, adresse e-mail, etc.) sont utilis\u00e9es uniquement pour r\u00e9pondre aux demandes d\u2019information et sont conserv\u00e9es pour une dur\u00e9e strictement n\u00e9cessaire \u00e0 la finalit\u00e9 du traitement, soit :<\/p>\n\n\n\n<ul class=\"wp-block-list\">\n<li><strong>3 ans<\/strong>&nbsp;pour les donn\u00e9es \u00e0 des fins de prospection commerciale,<\/li>\n\n\n\n<li><strong>6 ans<\/strong>&nbsp;pour les documents li\u00e9s \u00e0 la facturation.<\/li>\n<\/ul>\n\n\n\n<h4 class=\"wp-block-heading\">Vos droits<\/h4>\n\n\n\n<p>Vous disposez d\u2019un droit d\u2019acc\u00e8s, de rectification, d\u2019effacement, de limitation du traitement et de portabilit\u00e9 de vos donn\u00e9es. Vous pouvez \u00e9galement vous opposer au traitement de vos donn\u00e9es personnelles pour des motifs l\u00e9gitimes.<\/p>\n\n\n\n<p>Pour exercer ces droits, veuillez nous contacter \u00e0 l\u2019adresse suivante :&nbsp;<a><strong>seb@barrere.com<\/strong><\/a>.<\/p>\n\n\n\n<p>Pour en savoir plus, consultez notre&nbsp;<a href=\"https:\/\/barrere.com\/index.php\/politique-de-confidentialite\/\"><strong>Politique de Confidentialit\u00e9<\/strong><\/a>.<\/p>\n\n\n\n<h3 class=\"wp-block-heading\">5. COOKIES<\/h3>\n\n\n\n<p>Ce site utilise des cookies pour am\u00e9liorer l\u2019exp\u00e9rience utilisateur et mesurer l\u2019audience. Lors de votre premi\u00e8re visite, un bandeau vous permet d\u2019accepter ou de refuser l\u2019utilisation de cookies. Vous pouvez modifier vos pr\u00e9f\u00e9rences \u00e0 tout moment en acc\u00e9dant aux param\u00e8tres de votre navigateur ou via notre\u00a0<a href=\"https:\/\/barrere.com\/index.php\/politique-de-confidentialite\/\"><strong>Politique relative aux cookies<\/strong><\/a>.<\/p>\n\n\n\n<h3 class=\"wp-block-heading\">6. RESPONSABILIT\u00c9<\/h3>\n\n\n\n<p><strong>S\u00e9bastien Barr\u00e8re<\/strong>&nbsp;ne peut \u00eatre tenu responsable des dommages directs ou indirects caus\u00e9s au mat\u00e9riel de l\u2019utilisateur lors de l\u2019acc\u00e8s au site&nbsp;<a>www.barrere.com<\/a>.<\/p>\n\n\n\n<p>Le site peut contenir des liens vers d\u2019autres sites.&nbsp;<strong>S\u00e9bastien Barr\u00e8re<\/strong>&nbsp;n\u2019est pas responsable du contenu de ces sites externes et de leur \u00e9ventuelle utilisation.<\/p>\n\n\n\n<h3 class=\"wp-block-heading\">7. DROIT APPLICABLE ET JURIDICTION COMP\u00c9TENTE<\/h3>\n\n\n\n<p>Tout litige en relation avec l\u2019utilisation du site&nbsp;<a>www.barrere.com<\/a>&nbsp;est soumis au&nbsp;<strong>droit fran\u00e7ais<\/strong>. Il est fait attribution exclusive de juridiction aux&nbsp;<strong>tribunaux comp\u00e9tents de Toulouse<\/strong>, sauf disposition contraire d\u2019ordre public.<\/p>\n\n\n\n<h4 class=\"wp-block-heading\">Principales lois concern\u00e9es :<\/h4>\n\n\n\n<ul class=\"wp-block-list\">\n<li><strong>Loi n\u00b0 78-17 du 6 janvier 1978<\/strong>&nbsp;modifi\u00e9e par la loi n\u00b0 2004-801 du 6 ao\u00fbt 2004, relative \u00e0 l\u2019informatique, aux fichiers et aux libert\u00e9s<\/li>\n\n\n\n<li><strong>Loi n\u00b0 2004-575 du 21 juin 2004<\/strong>&nbsp;pour la confiance dans l\u2019\u00e9conomie num\u00e9rique<\/li>\n\n\n\n<li><strong>Loi n\u00b0 92-597 du 1er juillet 1992<\/strong>&nbsp;du Code de la propri\u00e9t\u00e9 intellectuelle<\/li>\n<\/ul>\n\n\n\n<h3 class=\"wp-block-heading\">8. CONTACT<\/h3>\n\n\n\n<p>Pour toute question ou r\u00e9clamation, veuillez nous contacter :<\/p>\n\n\n\n<ul class=\"wp-block-list\">\n<li>Par e-mail :&nbsp;<a><strong>seb@barrere.com<\/strong><\/a><\/li>\n\n\n\n<li>Par courrier :&nbsp;<strong>2 Rue Maubec, 81500 Giroussens, France<\/strong><\/li>\n<\/ul>\n","protected":false},"excerpt":{"rendered":"<p>1. \u00c9DITEUR DU SITE Nom de l\u2019entreprise\/du responsable l\u00e9gal :&nbsp;S\u00e9bastien Barr\u00e8reAdresse du si\u00e8ge social :&nbsp;2 Rue Maubec, 81500 Giroussens, FranceForme [&hellip;]<\/p>\n","protected":false},"author":1,"featured_media":0,"parent":0,"menu_order":0,"comment_status":"closed","ping_status":"closed","template":"","meta":{"site-sidebar-layout":"default","site-content-layout":"","ast-site-content-layout":"default","site-content-style":"default","site-sidebar-style":"default","ast-global-header-display":"","ast-banner-title-visibility":"","ast-main-header-display":"","ast-hfb-above-header-display":"","ast-hfb-below-header-display":"","ast-hfb-mobile-header-display":"","site-post-title":"","ast-breadcrumbs-content":"","ast-featured-img":"","footer-sml-layout":"","ast-disable-related-posts":"","theme-transparent-header-meta":"","adv-header-id-meta":"","stick-header-meta":"","header-above-stick-meta":"","header-main-stick-meta":"","header-below-stick-meta":"","astra-migrate-meta-layouts":"default","ast-page-background-enabled":"default","ast-page-background-meta":{"desktop":{"background-color":"var(--ast-global-color-5)","background-image":"","background-repeat":"repeat","background-position":"center center","background-size":"auto","background-attachment":"scroll","background-type":"","background-media":"","overlay-type":"","overlay-color":"","overlay-opacity":"","overlay-gradient":""},"tablet":{"background-color":"","background-image":"","background-repeat":"repeat","background-position":"center center","background-size":"auto","background-attachment":"scroll","background-type":"","background-media":"","overlay-type":"","overlay-color":"","overlay-opacity":"","overlay-gradient":""},"mobile":{"background-color":"","background-image":"","background-repeat":"repeat","background-position":"center center","background-size":"auto","background-attachment":"scroll","background-type":"","background-media":"","overlay-type":"","overlay-color":"","overlay-opacity":"","overlay-gradient":""}},"ast-content-background-meta":{"desktop":{"background-color":"var(--ast-global-color-4)","background-image":"","background-repeat":"repeat","background-position":"center center","background-size":"auto","background-attachment":"scroll","background-type":"","background-media":"","overlay-type":"","overlay-color":"","overlay-opacity":"","overlay-gradient":""},"tablet":{"background-color":"var(--ast-global-color-4)","background-image":"","background-repeat":"repeat","background-position":"center center","background-size":"auto","background-attachment":"scroll","background-type":"","background-media":"","overlay-type":"","overlay-color":"","overlay-opacity":"","overlay-gradient":""},"mobile":{"background-color":"var(--ast-global-color-4)","background-image":"","background-repeat":"repeat","background-position":"center center","background-size":"auto","background-attachment":"scroll","background-type":"","background-media":"","overlay-type":"","overlay-color":"","overlay-opacity":"","overlay-gradient":""}},"footnotes":""},"class_list":["post-218","page","type-page","status-publish","hentry"],"_links":{"self":[{"href":"https:\/\/barrere.com\/index.php\/wp-json\/wp\/v2\/pages\/218","targetHints":{"allow":["GET"]}}],"collection":[{"href":"https:\/\/barrere.com\/index.php\/wp-json\/wp\/v2\/pages"}],"about":[{"href":"https:\/\/barrere.com\/index.php\/wp-json\/wp\/v2\/types\/page"}],"author":[{"embeddable":true,"href":"https:\/\/barrere.com\/index.php\/wp-json\/wp\/v2\/users\/1"}],"replies":[{"embeddable":true,"href":"https:\/\/barrere.com\/index.php\/wp-json\/wp\/v2\/comments?post=218"}],"version-history":[{"count":3,"href":"https:\/\/barrere.com\/index.php\/wp-json\/wp\/v2\/pages\/218\/revisions"}],"predecessor-version":[{"id":224,"href":"https:\/\/barrere.com\/index.php\/wp-json\/wp\/v2\/pages\/218\/revisions\/224"}],"wp:attachment":[{"href":"https:\/\/barrere.com\/index.php\/wp-json\/wp\/v2\/media?parent=218"}],"curies":[{"name":"wp","href":"https:\/\/api.w.org\/{rel}","templated":true}]}}