{"id":344,"date":"2025-03-17T12:48:14","date_gmt":"2025-03-17T11:48:14","guid":{"rendered":"https:\/\/barrere.com\/?page_id=344"},"modified":"2025-06-05T12:12:07","modified_gmt":"2025-06-05T10:12:07","slug":"hydra-lernaea-2","status":"publish","type":"page","link":"https:\/\/barrere.com\/index.php\/hydra-lernaea-2\/","title":{"rendered":"Hydra Lernaea"},"content":{"rendered":"\n<p>2025 \u2013 Engobes de porcelaine, partiellement recouverts d\u2019une couverte transparente. Une exploration de la surprise, de la vitalit\u00e9 et de l\u2019\u00e9ternel renouveau. <\/p>\n\n\n\n<figure class=\"wp-block-gallery has-nested-images columns-default is-cropped wp-block-gallery-1 is-layout-flex wp-block-gallery-is-layout-flex\">\n<figure class=\"wp-block-image size-large\"><a href=\"https:\/\/barrere.com\/wp-content\/uploads\/2025\/03\/DSC02578-1-scaled.jpg\"><img loading=\"lazy\" decoding=\"async\" width=\"819\" height=\"1024\" data-id=\"347\" src=\"https:\/\/barrere.com\/wp-content\/uploads\/2025\/03\/DSC02578-1-819x1024.jpg\" alt=\"\" class=\"wp-image-347\" srcset=\"https:\/\/barrere.com\/wp-content\/uploads\/2025\/03\/DSC02578-1-819x1024.jpg 819w, https:\/\/barrere.com\/wp-content\/uploads\/2025\/03\/DSC02578-1-240x300.jpg 240w, https:\/\/barrere.com\/wp-content\/uploads\/2025\/03\/DSC02578-1-768x960.jpg 768w, https:\/\/barrere.com\/wp-content\/uploads\/2025\/03\/DSC02578-1-1229x1536.jpg 1229w, https:\/\/barrere.com\/wp-content\/uploads\/2025\/03\/DSC02578-1-1639x2048.jpg 1639w, https:\/\/barrere.com\/wp-content\/uploads\/2025\/03\/DSC02578-1-1240x1550.jpg 1240w, https:\/\/barrere.com\/wp-content\/uploads\/2025\/03\/DSC02578-1-508x635.jpg 508w, https:\/\/barrere.com\/wp-content\/uploads\/2025\/03\/DSC02578-1-scaled.jpg 2048w\" sizes=\"auto, (max-width: 819px) 100vw, 819px\" \/><\/a><\/figure>\n\n\n\n<figure class=\"wp-block-image size-large\"><a href=\"https:\/\/barrere.com\/wp-content\/uploads\/2025\/03\/DSC02580-1-scaled.jpg\"><img loading=\"lazy\" decoding=\"async\" width=\"819\" height=\"1024\" data-id=\"345\" src=\"https:\/\/barrere.com\/wp-content\/uploads\/2025\/03\/DSC02580-1-819x1024.jpg\" alt=\"\" class=\"wp-image-345\" srcset=\"https:\/\/barrere.com\/wp-content\/uploads\/2025\/03\/DSC02580-1-819x1024.jpg 819w, https:\/\/barrere.com\/wp-content\/uploads\/2025\/03\/DSC02580-1-240x300.jpg 240w, https:\/\/barrere.com\/wp-content\/uploads\/2025\/03\/DSC02580-1-768x960.jpg 768w, https:\/\/barrere.com\/wp-content\/uploads\/2025\/03\/DSC02580-1-1229x1536.jpg 1229w, https:\/\/barrere.com\/wp-content\/uploads\/2025\/03\/DSC02580-1-1638x2048.jpg 1638w, https:\/\/barrere.com\/wp-content\/uploads\/2025\/03\/DSC02580-1-1240x1550.jpg 1240w, https:\/\/barrere.com\/wp-content\/uploads\/2025\/03\/DSC02580-1-508x635.jpg 508w, https:\/\/barrere.com\/wp-content\/uploads\/2025\/03\/DSC02580-1-scaled.jpg 2048w\" sizes=\"auto, (max-width: 819px) 100vw, 819px\" \/><\/a><\/figure>\n\n\n\n<figure class=\"wp-block-image size-large\"><img loading=\"lazy\" decoding=\"async\" width=\"1024\" height=\"683\" data-id=\"348\" src=\"https:\/\/barrere.com\/wp-content\/uploads\/2025\/03\/DSC02581-1024x683.jpg\" alt=\"\" class=\"wp-image-348\" srcset=\"https:\/\/barrere.com\/wp-content\/uploads\/2025\/03\/DSC02581-1024x683.jpg 1024w, https:\/\/barrere.com\/wp-content\/uploads\/2025\/03\/DSC02581-300x200.jpg 300w, https:\/\/barrere.com\/wp-content\/uploads\/2025\/03\/DSC02581-768x512.jpg 768w, https:\/\/barrere.com\/wp-content\/uploads\/2025\/03\/DSC02581-1536x1024.jpg 1536w, https:\/\/barrere.com\/wp-content\/uploads\/2025\/03\/DSC02581-2048x1365.jpg 2048w, https:\/\/barrere.com\/wp-content\/uploads\/2025\/03\/DSC02581-1240x827.jpg 1240w, https:\/\/barrere.com\/wp-content\/uploads\/2025\/03\/DSC02581-508x339.jpg 508w\" sizes=\"auto, (max-width: 1024px) 100vw, 1024px\" \/><\/figure>\n\n\n\n<figure class=\"wp-block-image size-large\"><img loading=\"lazy\" decoding=\"async\" width=\"1024\" height=\"683\" data-id=\"346\" src=\"https:\/\/barrere.com\/wp-content\/uploads\/2025\/03\/DSC02582-1-1024x683.jpg\" alt=\"\" class=\"wp-image-346\" srcset=\"https:\/\/barrere.com\/wp-content\/uploads\/2025\/03\/DSC02582-1-1024x683.jpg 1024w, https:\/\/barrere.com\/wp-content\/uploads\/2025\/03\/DSC02582-1-300x200.jpg 300w, https:\/\/barrere.com\/wp-content\/uploads\/2025\/03\/DSC02582-1-768x512.jpg 768w, https:\/\/barrere.com\/wp-content\/uploads\/2025\/03\/DSC02582-1-1536x1024.jpg 1536w, https:\/\/barrere.com\/wp-content\/uploads\/2025\/03\/DSC02582-1-2048x1365.jpg 2048w, https:\/\/barrere.com\/wp-content\/uploads\/2025\/03\/DSC02582-1-1240x827.jpg 1240w, https:\/\/barrere.com\/wp-content\/uploads\/2025\/03\/DSC02582-1-508x339.jpg 508w\" sizes=\"auto, (max-width: 1024px) 100vw, 1024px\" \/><\/figure>\n<\/figure>\n\n\n\n<p><\/p>\n\n\n\n<p>L\u2019Hydre est une&nbsp;<strong>cr\u00e9ature monstrueuse \u00e0 plusieurs t\u00eates<\/strong>, vivant dans les marais de&nbsp;<strong>Lerne<\/strong>, en Argolide (Gr\u00e8ce). Elle \u00e9tait la fille de&nbsp;<strong>Typhon et \u00c9chidna<\/strong>, tout comme&nbsp;<strong>Cerb\u00e8re, la Chim\u00e8re et l\u2019Orthros<\/strong>.<\/p>\n\n\n\n<p>\u2022&nbsp;Elle poss\u00e9dait&nbsp;<strong>neuf t\u00eates<\/strong>&nbsp;(selon la version la plus courante), bien que certaines traditions parlent de&nbsp;<strong>cinq, sept ou m\u00eame cent t\u00eates<\/strong>.<\/p>\n\n\n\n<p>\u2022&nbsp;<strong>Une de ses t\u00eates \u00e9tait immortelle<\/strong>.<\/p>\n\n\n\n<p>\u2022&nbsp;Chaque fois qu\u2019on lui coupait une t\u00eate,&nbsp;<strong>deux repoussaient \u00e0 sa place<\/strong>.<\/p>\n\n\n\n<p>\u2022&nbsp;Son&nbsp;<strong>souffle et son sang \u00e9taient venimeux<\/strong>, capables de tuer instantan\u00e9ment.<\/p>\n","protected":false},"excerpt":{"rendered":"<p>2025 \u2013 Engobes de porcelaine, partiellement recouverts d\u2019une couverte transparente. Une exploration de la surprise, de la vitalit\u00e9 et de [&hellip;]<\/p>\n","protected":false},"author":1,"featured_media":0,"parent":0,"menu_order":0,"comment_status":"closed","ping_status":"closed","template":"","meta":{"site-sidebar-layout":"default","site-content-layout":"","ast-site-content-layout":"default","site-content-style":"default","site-sidebar-style":"default","ast-global-header-display":"","ast-banner-title-visibility":"","ast-main-header-display":"","ast-hfb-above-header-display":"","ast-hfb-below-header-display":"","ast-hfb-mobile-header-display":"","site-post-title":"","ast-breadcrumbs-content":"","ast-featured-img":"","footer-sml-layout":"","ast-disable-related-posts":"","theme-transparent-header-meta":"","adv-header-id-meta":"","stick-header-meta":"","header-above-stick-meta":"","header-main-stick-meta":"","header-below-stick-meta":"","astra-migrate-meta-layouts":"default","ast-page-background-enabled":"default","ast-page-background-meta":{"desktop":{"background-color":"var(--ast-global-color-5)","background-image":"","background-repeat":"repeat","background-position":"center center","background-size":"auto","background-attachment":"scroll","background-type":"","background-media":"","overlay-type":"","overlay-color":"","overlay-opacity":"","overlay-gradient":""},"tablet":{"background-color":"","background-image":"","background-repeat":"repeat","background-position":"center center","background-size":"auto","background-attachment":"scroll","background-type":"","background-media":"","overlay-type":"","overlay-color":"","overlay-opacity":"","overlay-gradient":""},"mobile":{"background-color":"","background-image":"","background-repeat":"repeat","background-position":"center center","background-size":"auto","background-attachment":"scroll","background-type":"","background-media":"","overlay-type":"","overlay-color":"","overlay-opacity":"","overlay-gradient":""}},"ast-content-background-meta":{"desktop":{"background-color":"var(--ast-global-color-4)","background-image":"","background-repeat":"repeat","background-position":"center center","background-size":"auto","background-attachment":"scroll","background-type":"","background-media":"","overlay-type":"","overlay-color":"","overlay-opacity":"","overlay-gradient":""},"tablet":{"background-color":"var(--ast-global-color-4)","background-image":"","background-repeat":"repeat","background-position":"center center","background-size":"auto","background-attachment":"scroll","background-type":"","background-media":"","overlay-type":"","overlay-color":"","overlay-opacity":"","overlay-gradient":""},"mobile":{"background-color":"var(--ast-global-color-4)","background-image":"","background-repeat":"repeat","background-position":"center center","background-size":"auto","background-attachment":"scroll","background-type":"","background-media":"","overlay-type":"","overlay-color":"","overlay-opacity":"","overlay-gradient":""}},"footnotes":""},"class_list":["post-344","page","type-page","status-publish","hentry"],"_links":{"self":[{"href":"https:\/\/barrere.com\/index.php\/wp-json\/wp\/v2\/pages\/344","targetHints":{"allow":["GET"]}}],"collection":[{"href":"https:\/\/barrere.com\/index.php\/wp-json\/wp\/v2\/pages"}],"about":[{"href":"https:\/\/barrere.com\/index.php\/wp-json\/wp\/v2\/types\/page"}],"author":[{"embeddable":true,"href":"https:\/\/barrere.com\/index.php\/wp-json\/wp\/v2\/users\/1"}],"replies":[{"embeddable":true,"href":"https:\/\/barrere.com\/index.php\/wp-json\/wp\/v2\/comments?post=344"}],"version-history":[{"count":2,"href":"https:\/\/barrere.com\/index.php\/wp-json\/wp\/v2\/pages\/344\/revisions"}],"predecessor-version":[{"id":501,"href":"https:\/\/barrere.com\/index.php\/wp-json\/wp\/v2\/pages\/344\/revisions\/501"}],"wp:attachment":[{"href":"https:\/\/barrere.com\/index.php\/wp-json\/wp\/v2\/media?parent=344"}],"curies":[{"name":"wp","href":"https:\/\/api.w.org\/{rel}","templated":true}]}}